q(-28).
-353
Let i(m) = -m**3 - 13*m**2 + 28*m - 41. What is i(-14)?
-237
Let p(b) = 5*b**2 - 99*b - 1332. Give p(29).
2
Let n(y) = -y**3 + 35*y**2 - 86*y - 337. Calculate n(32).
-17
Let v(c) = 17*c**2 + 1668*c + 174. Calculate v(-98).
-22
Let z(d) = -47*d**2 + 9*d - 17. Determine z(2).
-187
Let o(n) = -3*n**3 + 61*n**2 + 40*n + 47. Give o(21).
5
Let c(z) = z**2 - 1254*z + 29520. Calculate c(24).
0
Let x(n) = -2*n**2 - 23*n + 15198. Give x(-93).
39
Let v(z) = 63*z + 1461. What is v(-36)?
-807
Let l(q) = -2*q**3 + 138*q**2 - 2*q + 143. Calculate l(69).
5
Let q(o) = -o**2 + 55*o + 1319. Give q(75).
-181
Let x(f) = 6*f**2 + 562*f - 151. Give x(-94).
37
Let r(y) = -2*y**3 + 199*y**2 - 857*y + 33. Give r(95).
-157
Let l(g) = -466*g - 2353. Calculate l(-5).
-23
Let h(c) = -116*c + 650. Give h(7).
-162
Let u(q) = -q**3 - 2*q**2 + 57*q - 8. Determine u(7).
-50
Let a(m) = 29*m**3 + 3*m**2 - 24*m - 57. Calculate a(-2).
-229
Let t(d) = 30*d + 507. Give t(-12).
147
Let q(j) = 55*j - 2150. Give q(39).
-5
Let p(x) = 5*x**2 - 2*x - 74. Calculate p(0).
-74
Let l(t) = t**3 + 9*t**2 + 12*t - 52. Determine l(-8).
-84
Let w(c) = -c**2 + 336*c - 1914. Determine w(6).
66
Let a(q) = q**3 - 5*q**2 + 933*q - 5634. Determine a(6).
0
Let a(z) = -1310*z - 8989. Give a(-7).
181
Let y(w) = -w**3 + 19*w**2 + 41*w - 1411. Determine y(11).
8
Let d(y) = -223*y + 1414. What is d(7)?
-147
Let p(d) = 4*d**2 + 561*d + 18351. What is p(-52)?
-5
Let t(w) = -206*w - 1136. What is t(-5)?
-106
Let u(l) = -259*l + 1303. Determine u(5).
8
Let q(p) = -293*p**2 - 2061*p - 73. Determine q(-7).
-3
Let c(n) = n**2 - 21*n + 14. What is c(-6)?
176
Let r(j) = j**2 + 87*j + 1319. Determine r(-67).
-21
Let r(p) = -5*p**2 + 589*p - 6845. Calculate r(13).
-33
Let o(u) = 1409*u + 15506. What is o(-11)?
7
Let s(i) = -31*i - 1175. Give s(-37).
-28
Let r(v) = v**2 + 179*v + 2269. What is r(-14)?
-41
Let y(z) = z**2 + 27*z - 71. Give y(-14).
-253
Let p(w) = -169*w + 599. Calculate p(4).
-77
Let k(z) = -107*z + 482. Calculate k(8).
-374
Let u(p) = -39*p - 288. Calculate u(-9).
63
Let b(u) = -2*u - 97. Calculate b(62).
-221
Let k(i) = -18*i - 795. What is k(-44)?
-3
Let w(g) = 4*g**2 - 308*g + 1540. Calculate w(5).
100
Let p(c) = -132*c + 130. Calculate p(1).
-2
Let i(g) = g**2 + 305*g - 11147. Determine i(33).
7
Let c(i) = 292*i + 78. What is c(-1)?
-214
Let u(q) = 3*q**3 - 16*q**2 + 38*q + 17. Determine u(8).
833
Let q(n) = -n + 14. Calculate q(7).
7
Let h(b) = 2*b**2 - 113*b - 118. Give h(58).
56
Let l(m) = -4*m**2 + 80*m + 613. What is l(-6)?
-11
Let r(u) = 381*u - 6081. Give r(16).
15
Let q(y) = y**3 - 28*y**2 + 55*y - 746. What is q(27)?
10
Let f(c) = 160*c - 3847. Determine f(24).
-7
Let h(r) = -2*r**3 + 6*r**2 - 5*r - 4. Calculate h(4).
-56
Let p(f) = -7*f - 13. Give p(27).
-202
Let g(j) = -5*j**2 - 77*j + 153. Calculate g(-17).
17
Let o(u) = -u**2 + 13*u + 52. Give o(-6).
-62
Let n(i) = 31*i - 4062. Determine n(140).
278
Let i(q) = q**3 + 11*q**2 + 15*q + 49. Give i(-3).
76
Let y(p) = 4*p**2 - 11*p + 13. Give y(2).
7
Let x(k) = -7*k**3 + 2*k**2. Determine x(1).
-5
Let s(r) = -12*r + 565. Determine s(48).
-11
Let c(t) = -11*t**2 - 74*t + 11. Determine c(-7).
-10
Let g(m) = 53*m - 168. What is g(3)?
-9
Let n(w) = w - 1. Determine n(4).
3
Let l(x) = -4*x**2 + 36*x - 131. Calculate l(4).
-51
Let m(j) = 351*j**2 - j - 9. Determine m(0).
-9
Let j(x) = -5794*x + 23181. Calculate j(4).
5
Let l(k) = -14*k**2 - 231*k - 28. Give l(-18).
-406
Let x(u) = u**3 + 3*u**2 + 215*u + 1142. Give x(-5).
17
Let t(r) = -2*r**3 + 6*r**2 + 5*r - 31. Give t(3).
-16
Let b(w) = -w**3 - 82*w**2 - 297*w - 8. Determine b(-4).
-68
Let o(b) = 9*b - 320. Determine o(29).
-59
Let j(k) = k**2 + 25407*k - 50816. Give j(2).
2
Let v(g) = -4*g - 10. Give v(20).
-90
Let d(b) = 7*b**3 - b**2 - 194*b + 195. Calculate d(1).
7
Let t(m) = -3*m - 253. What is t(-13)?
-214
Let z(u) = -u**2 - 33*u + 201. Determine z(5).
11
Let y(n) = n + 180. Give y(-119).
61
Let d(k) = 23*k**2 - 406*k - 130. Give d(18).
14
Let p(z) = z**3 + 3*z**2 - z + 6. Calculate p(-4).
-6
Let i(w) = w**3 + 37*w**2 - 1064*w - 8. Calculate i(-56).
-8
Let j(w) = -w**3 + 44*w**2 - 229*w + 5. What is j(38)?
-33
Let f(k) = -k**3 - 3*k**2 - 30*k - 118. What is f(-4)?
18
Let u(c) = 100*c - 1151. What is u(13)?
149
Let a(v) = -v**3 - 3*v**2 + 12*v + 71. What is a(-7)?
183
Let x(z) = z**2 - 47*z - 244. Determine x(59).
464
Let j(c) = -7*c**2 - 220*c + 108. Determine j(-32).
-20
Let t(y) = 23*y - 75. Give t(1).
-52
Let u(r) = 17*r**2 - 96*r - 58. Calculate u(7).
103
Let r(y) = -y**3 + 4*y**2 + 32*y - 10. What is r(-5)?
55
Let k(r) = -18*r**2 - 126*r - 10. Determine k(-7).
-10
Let r(o) = -3*o**3 + 21*o**2 + 40*o - 281. Give r(7).
-1
Let s(i) = -4*i**2 + 7*i + 863. Calculate s(-14).
-19
Let p(d) = 6*d**2 - 139*d + 509. What is p(5)?
-36
Let g(q) = 5*q**3 - 76*q**2 - 44*q - 327. Determine g(16).
-7
Let n(j) = -9150*j + 9138. Determine n(1).
-12
Let w(q) = 14*q**2 - 49*q - 6. Determine w(4).
22
Let s(d) = -d**2 - 67*d + 522. Determine s(7).
4
Let n(l) = -234*l + 998. Calculate n(4).
62
Let v(o) = -2*o**3 + 103*o**2 + 165*o - 335. Determine v(53).
-17
Let k(q) = 5*q**3 + 93*q**2 - 36*q + 41. Determine k(-19).
3
Let q(w) = 37*w**2 + 176*w + 21. Determine q(-5).
66
Let h(y) = -21*y - 44. Calculate h(-9).
145
Let s(c) = -10*c**3 - 971*c**2 - 99*c - 242. What is s(-97)?
-48
Let n(b) = b**2 - 29*b - 62. What is n(0)?
-62
Let w(y) = 29*y - 1000. Determine w(33).
-43
Let y(j) = -24*j + 86. What is y(-5)?
206
Let r(g) = 2243*g + 26901. Calculate r(-12).
-15
Let c(q) = q**3 + 8*q**2 + 215*q + 1721. What is c(-8)?
1
Let m(y) = 5*y - 148. Calculate m(13).
-83
Let k(y) = 5*y**2 - 24*y + 87. What is k(5)?
92
Let t(z) = -2*z**3 - 116*z**2 - 225*z - 38. Determine t(-56).
18
Let w(i) = -i**2 + 146*i + 2776. Determine w(-17).
5
Let t(v) = v**2 - 23*v - 236. Give t(-9).
52
Let g(p) = p**2 - 29*p - 140. Calculate g(32).
-44
Let b(t) = t**2 + 41*t + 346. Calculate b(-12).
-2
Let g(v) = -428*v + 1734. Calculate g(4).
22
Let m(n) = -6377*n - 31890. Give m(-5).
-5
Let a(l) = 20*l**2 + 568*l + 257. Determine a(-28).
33
Let t(w) = 54*w**3 + 8*w**2 + 11*w + 2. Give t(-1).
-55
Let a(p) = 35*p - 921. What is a(23)?
-116
Let k(t) = 3*t**3 + 50*t**2 + 42*t + 1015. Give k(-17).
12
Let l(v) = -5*v**2 - 136*v + 108. Calculate l(0).
108
Let o(m) = -4*m**3 - 44*m**2 + 18*m + 203. Determine o(-11).
5
Let o(x) = x**3 + 4*x**2 - 397*x + 9. What is o(18)?
-9
Let o(i) = -29*i - 361. Calculate o(-19).
190
Let z(h) = -2*h**2 - 47*h - 97. Calculate z(-21).
8
Let r(c) = -c**3 - 80*c**2 + 80*c - 120. Determine r(-81).
-39
Let u(g) = -g**3 + 64*g**2 + 209*g - 507. Calculate u(67).
29
Let r(l) = -5*l**3 - 366*l**2 - 73*l - 13. Determine r(-73).
-13
Let z(k) = 437*k - 1825. Calculate z(4).
-77
Let b(h) = -1501*h + 1498. Give b(1).
-3
Let t(j) = 19*j**2 - 141*j + 418. Determine t(3).
166
Let r(u) = u**3 - 10*u**2 + 95*u - 1397. Calculate r(12).
31
Let w(y) = -y**2 + 140*y + 1336. Calculate w(-9).
-5
Let f(z) = 645*z - 2. Calculate f(0).
-2
Let f(u) = -2*u**2 + 1096*u + 12287. Determine f(-11).
-11
Let i(k) = -112*k**3 - 3*k**2 + 2. Give i(1).
-113
Let a(i) = -3*i**2 + 52*i + 1. Give a(14).
141
Let v(o) = -5*o**2 - 5*o + 159. Calculate v(5).
9
Let u(l) = -l**2 + 99*l - 87. Give u(0).
-87
Let k(y) = y**2 - 62. What is k(12)?
82
Let t(b) = -b**2 + 246*b - 13635. Determine t(162).
-27
Let u(l) = l**3 + 38*l**2 + 159*l + 81. What is u(-33)?
279
Let w(k) = 3*k**2 + 73*k + 269. What is w(-19)?
-35
Let l(o) = -8*o - 284. Give l(-17).
-148
Let l(u) = -u**2 - 28*u + 288. What is l(-28)?
288
Let m(p) = 4*p**2 - 498*p + 6754. Give m(109).
-4
Let y(z) = 6*z**3 + 182*z**2 + 59*z - 31. Determine y(-30).
-1
Let g(r) = 3*r**3 + 8*r**2 - 17*r + 4. Determine g(-4).
8
Let r(b) = -45*b + 379. Determine r(21).
-566
Let i(p) = -14*p**2 - 82*p - 269. Determine i(-5).
-209
Let n(q) = 98*q - 54. What is n(-5)?
-544
Let s(m) = 2*m**2 - 18*m + 20. Determine s(11).
64
Let g(q) = q**3 - 11*q**2 + 70*q - 245. What is g(6)?
-5
Let l(b) = -255*b**2 - 3588*b - 247. Calculate l(-14).
5
Let a(q) = 2*q**3 + 8*q**2 - 120*q - 10. What is a(7)?
228
Let w(i) = -i**2 + 19*i + 657. Give w(-18).
-9
Let s(v) = v**3 - 23*v**2 - 43*v - 136. Determine s(25).
39
Let x(c) = 26*c - 